{"id":22,"date":"2017-03-29T14:41:03","date_gmt":"2017-03-29T12:41:03","guid":{"rendered":"http:\/\/www.quadrafortis.it\/?page_id=22"},"modified":"2018-03-06T15:14:05","modified_gmt":"2018-03-06T14:14:05","slug":"produzione","status":"publish","type":"page","link":"https:\/\/www.quadrafortis.it\/index.php\/produzione\/","title":{"rendered":"Produzione"},"content":{"rendered":"<div id=\"pl-22\"  class=\"panel-layout\" ><div id=\"pg-22-0\"  class=\"panel-grid panel-has-style\" ><div style=\"padding: 40px 0; \" data-overlay=\"true\" data-overlay-color=\"#000000\" class=\"panel-row-style panel-row-style-for-22-0\" ><div id=\"pgc-22-0-0\"  class=\"panel-grid-cell\" ><div id=\"panel-22-0-0-0\" class=\"so-panel widget widget_sow-editor panel-first-child\" data-index=\"0\" ><div style=\"text-align: left;\" data-title-color=\"#443f3f\" data-headings-color=\"#443f3f\" class=\"panel-widget-style panel-widget-style-for-22-0-0-0\" ><div\n\t\t\t\n\t\t\tclass=\"so-widget-sow-editor so-widget-sow-editor-base\"\n\t\t\t\n\t\t>\n<div class=\"siteorigin-widget-tinymce textwidget\">\n\t<h2>Un servizio su misura<\/h2>\n<p>In un mercato caratterizzato da rapidi e continui cambiamenti di stile, di esigenze e di domande eterogenee che richiedono alle imprese immediate risposte in termini di flessibilit\u00e0 produttiva e operativa, tempestivit\u00e0 e affidabilit\u00e0 progettuale, <strong>Fortis si propone come partner ideale per far fronte al bisogno delle aziende<\/strong> di avere pronte e <strong>precise risposte in termini di sviluppo e fabbricazione di attrezzature per la produzione meccanica e di prodotti in materiale plastico<\/strong>.<\/p>\n<p>Fortis, grazie ad <strong>avanzati strumenti di progettazione e di disegno<\/strong> quali <strong>CATIA V5 DASSAULT<\/strong>, \u00e8 in grado di offrire ai propri clienti una <strong>vasta gamma di servizi<\/strong>, finalizzati all\u2019ingegnerizzazione e alla produzione di nuovi prodotti.<\/p>\n<p>L\u2019obbiettivo principale \u00e8 quello di <strong>garantire al cliente un servizio completo<\/strong> che passando attraverso un\u2019attenta <strong>analisi delle richieste<\/strong>, ad uno <strong>studio tecnico<\/strong>, <strong>all\u2019esecuzione accurata delle lavorazioni<\/strong>, e non ultimo da un <strong>meticoloso controllo qualitativo<\/strong>, abbia, come risultato finale, la <strong>piena soddisfazione<\/strong> del cliente.<\/p>\n<\/div>\n<\/div><\/div><\/div><div id=\"panel-22-0-0-1\" class=\"so-panel widget widget_sow-editor\" data-index=\"1\" ><div style=\"text-align: left;\" data-title-color=\"#443f3f\" data-headings-color=\"#443f3f\" class=\"panel-widget-style panel-widget-style-for-22-0-0-1\" ><div\n\t\t\t\n\t\t\tclass=\"so-widget-sow-editor so-widget-sow-editor-base\"\n\t\t\t\n\t\t>\n<div class=\"siteorigin-widget-tinymce textwidget\">\n\t<h2>La nostra produzione<\/h2>\n<\/div>\n<\/div><\/div><\/div><div id=\"panel-22-0-0-2\" class=\"so-panel widget widget_nav_menu panel-last-child\" data-index=\"2\" ><div class=\"produzione-menu panel-widget-style panel-widget-style-for-22-0-0-2\" style=\"text-align: left;\" data-title-color=\"#443f3f\" data-headings-color=\"#443f3f\" ><div class=\"menu-produzione-container\"><ul id=\"menu-produzione\" class=\"menu\"><li id=\"menu-item-40\" class=\"menu-item menu-item-type-post_type menu-item-object-page menu-item-40\"><a href=\"https:\/\/www.quadrafortis.it\/index.php\/stampi-per-materie-plastiche\/\">Stampi per materie plastiche<\/a><\/li>\n<li id=\"menu-item-39\" class=\"menu-item menu-item-type-post_type menu-item-object-page menu-item-39\"><a href=\"https:\/\/www.quadrafortis.it\/index.php\/conchiglie-per-fusione\/\">Conchiglie per fusione<\/a><\/li>\n<li id=\"menu-item-38\" class=\"menu-item menu-item-type-post_type menu-item-object-page menu-item-38\"><a href=\"https:\/\/www.quadrafortis.it\/index.php\/meccanica-di-precisione\/\">Meccanica di precisione<\/a><\/li>\n<li id=\"menu-item-37\" class=\"menu-item menu-item-type-post_type menu-item-object-page menu-item-37\"><a href=\"https:\/\/www.quadrafortis.it\/index.php\/stampaggio-materie-plastiche\/\">Stampaggio materie plastiche<\/a><\/li>\n<\/ul><\/div><\/div><\/div><\/div><div id=\"pgc-22-0-1\"  class=\"panel-grid-cell\" ><div id=\"panel-22-0-1-0\" class=\"so-panel widget widget_sow-slider panel-first-child panel-last-child\" data-index=\"3\" ><div style=\"text-align: left;\" data-title-color=\"#443f3f\" data-headings-color=\"#443f3f\" class=\"panel-widget-style panel-widget-style-for-22-0-1-0\" ><div\n\t\t\t\n\t\t\tclass=\"so-widget-sow-slider so-widget-sow-slider-default-53fd0f98de19-22\"\n\t\t\t\n\t\t><div class=\"sow-slider-base\" style=\"display: none\"><ul\n\t\t\t\t\tclass=\"sow-slider-images\"\n\t\t\t\t\tdata-settings=\"{&quot;pagination&quot;:true,&quot;speed&quot;:800,&quot;timeout&quot;:8000,&quot;paused&quot;:false,&quot;pause_on_hover&quot;:false,&quot;swipe&quot;:true,&quot;nav_always_show_desktop&quot;:&quot;&quot;,&quot;nav_always_show_mobile&quot;:&quot;&quot;,&quot;breakpoint&quot;:&quot;780px&quot;,&quot;unmute&quot;:false,&quot;anchor&quot;:null}\"\n\t\t\t\t\t\t\t\t\t\tdata-anchor-id=\"\"\n\t\t\t\t>\t\t<li class=\"sow-slider-image  sow-slider-image-cover\" style=\"background-image: url(http:\/\/placehold.it\/800x500)\" >\n\t\t\t\t\t\t<div class=\"sow-slider-image-container\">\n\t\t\t\t<div class=\"sow-slider-image-wrapper\" style=\"max-width: 600px\">\n\t\t\t\t\t\t\t\t\t\t<div class=\"sow-slider-image-foreground-wrapper\">\n\t\t\t\t\t\t<img width=\"600\" height=\"800\" src=\"https:\/\/www.quadrafortis.it\/wp-content\/uploads\/2017\/03\/produzione-quadra-fortis-angelo-gallery-1.jpg\" class=\"sow-slider-foreground-image skip-lazy\" alt=\"\" loading=\"eager\" style=\"\" srcset=\"https:\/\/www.quadrafortis.it\/wp-content\/uploads\/2017\/03\/produzione-quadra-fortis-angelo-gallery-1.jpg 600w, https:\/\/www.quadrafortis.it\/wp-content\/uploads\/2017\/03\/produzione-quadra-fortis-angelo-gallery-1-225x300.jpg 225w, https:\/\/www.quadrafortis.it\/wp-content\/uploads\/2017\/03\/produzione-quadra-fortis-angelo-gallery-1-230x307.jpg 230w, https:\/\/www.quadrafortis.it\/wp-content\/uploads\/2017\/03\/produzione-quadra-fortis-angelo-gallery-1-350x467.jpg 350w, https:\/\/www.quadrafortis.it\/wp-content\/uploads\/2017\/03\/produzione-quadra-fortis-angelo-gallery-1-480x640.jpg 480w\" sizes=\"(max-width: 600px) 100vw, 600px\" \/>\t\t\t\t\t<\/div>\n\t\t\t\t\t\t\t\t\t<\/div>\n\t\t\t<\/div>\n\t\t\t\t\t<\/li>\n\t\t\t\t<li class=\"sow-slider-image\" style=\"\" >\n\t\t\t\t\t\t<div class=\"sow-slider-image-container\">\n\t\t\t\t<div class=\"sow-slider-image-wrapper\" style=\"max-width: 600px\">\n\t\t\t\t\t\t\t\t\t\t<div class=\"sow-slider-image-foreground-wrapper\">\n\t\t\t\t\t\t<img width=\"600\" height=\"800\" src=\"https:\/\/www.quadrafortis.it\/wp-content\/uploads\/2017\/03\/produzione-quadra-fortis-angelo-gallery-2.jpg\" class=\"sow-slider-foreground-image skip-lazy\" alt=\"\" loading=\"eager\" style=\"\" srcset=\"https:\/\/www.quadrafortis.it\/wp-content\/uploads\/2017\/03\/produzione-quadra-fortis-angelo-gallery-2.jpg 600w, https:\/\/www.quadrafortis.it\/wp-content\/uploads\/2017\/03\/produzione-quadra-fortis-angelo-gallery-2-225x300.jpg 225w, https:\/\/www.quadrafortis.it\/wp-content\/uploads\/2017\/03\/produzione-quadra-fortis-angelo-gallery-2-230x307.jpg 230w, https:\/\/www.quadrafortis.it\/wp-content\/uploads\/2017\/03\/produzione-quadra-fortis-angelo-gallery-2-350x467.jpg 350w, https:\/\/www.quadrafortis.it\/wp-content\/uploads\/2017\/03\/produzione-quadra-fortis-angelo-gallery-2-480x640.jpg 480w\" sizes=\"(max-width: 600px) 100vw, 600px\" \/>\t\t\t\t\t<\/div>\n\t\t\t\t\t\t\t\t\t<\/div>\n\t\t\t<\/div>\n\t\t\t\t\t<\/li>\n\t\t\t\t<li class=\"sow-slider-image\" style=\"\" >\n\t\t\t\t\t\t<div class=\"sow-slider-image-container\">\n\t\t\t\t<div class=\"sow-slider-image-wrapper\" style=\"max-width: 600px\">\n\t\t\t\t\t\t\t\t\t\t<div class=\"sow-slider-image-foreground-wrapper\">\n\t\t\t\t\t\t<img width=\"600\" height=\"800\" src=\"https:\/\/www.quadrafortis.it\/wp-content\/uploads\/2017\/03\/produzione-quadra-fortis-angelo-gallery-3.jpg\" class=\"sow-slider-foreground-image skip-lazy\" alt=\"\" loading=\"eager\" style=\"\" srcset=\"https:\/\/www.quadrafortis.it\/wp-content\/uploads\/2017\/03\/produzione-quadra-fortis-angelo-gallery-3.jpg 600w, https:\/\/www.quadrafortis.it\/wp-content\/uploads\/2017\/03\/produzione-quadra-fortis-angelo-gallery-3-225x300.jpg 225w, https:\/\/www.quadrafortis.it\/wp-content\/uploads\/2017\/03\/produzione-quadra-fortis-angelo-gallery-3-230x307.jpg 230w, https:\/\/www.quadrafortis.it\/wp-content\/uploads\/2017\/03\/produzione-quadra-fortis-angelo-gallery-3-350x467.jpg 350w, https:\/\/www.quadrafortis.it\/wp-content\/uploads\/2017\/03\/produzione-quadra-fortis-angelo-gallery-3-480x640.jpg 480w\" sizes=\"(max-width: 600px) 100vw, 600px\" \/>\t\t\t\t\t<\/div>\n\t\t\t\t\t\t\t\t\t<\/div>\n\t\t\t<\/div>\n\t\t\t\t\t<\/li>\n\t\t<\/ul>\t\t\t\t<ol class=\"sow-slider-pagination\">\n\t\t\t\t\t\t\t\t\t\t\t<li><a href=\"#\" data-goto=\"0\" aria-label=\"display slide 1\"><\/a><\/li>\n\t\t\t\t\t\t\t\t\t\t\t<li><a href=\"#\" data-goto=\"1\" aria-label=\"display slide 2\"><\/a><\/li>\n\t\t\t\t\t\t\t\t\t\t\t<li><a href=\"#\" data-goto=\"2\" aria-label=\"display slide 3\"><\/a><\/li>\n\t\t\t\t\t\t\t\t\t<\/ol>\n\n\t\t\t\t<div class=\"sow-slide-nav sow-slide-nav-next\">\n\t\t\t\t\t<a href=\"#\" data-goto=\"next\" aria-label=\"next slide\" data-action=\"next\">\n\t\t\t\t\t\t<em class=\"sow-sld-icon-thin-right\"><\/em>\n\t\t\t\t\t<\/a>\n\t\t\t\t<\/div>\n\n\t\t\t\t<div class=\"sow-slide-nav sow-slide-nav-prev\">\n\t\t\t\t\t<a href=\"#\" data-goto=\"previous\" aria-label=\"previous slide\" data-action=\"prev\">\n\t\t\t\t\t\t<em class=\"sow-sld-icon-thin-left\"><\/em>\n\t\t\t\t\t<\/a>\n\t\t\t\t<\/div>\n\t\t\t\t<\/div><\/div><\/div><\/div><\/div><\/div><\/div><\/div>","protected":false},"excerpt":{"rendered":"<p>Un servizio su misura In un mercato caratterizzato da rapidi e continui cambiamenti di stile, di esigenze e di domande eterogenee che richiedono alle imprese immediate risposte in termini di flessibilit\u00e0 produttiva e operativa, tempestivit\u00e0 e affidabilit\u00e0 progettuale, Fortis si propone come partner ideale per far fronte al bisogno delle aziende di avere pronte e [&hellip;]<\/p>\n","protected":false},"author":1,"featured_media":156,"parent":0,"menu_order":0,"comment_status":"closed","ping_status":"closed","template":"page-templates\/page_fullwidth.php","meta":[],"_links":{"self":[{"href":"https:\/\/www.quadrafortis.it\/index.php\/wp-json\/wp\/v2\/pages\/22"}],"collection":[{"href":"https:\/\/www.quadrafortis.it\/index.php\/wp-json\/wp\/v2\/pages"}],"about":[{"href":"https:\/\/www.quadrafortis.it\/index.php\/wp-json\/wp\/v2\/types\/page"}],"author":[{"embeddable":true,"href":"https:\/\/www.quadrafortis.it\/index.php\/wp-json\/wp\/v2\/users\/1"}],"replies":[{"embeddable":true,"href":"https:\/\/www.quadrafortis.it\/index.php\/wp-json\/wp\/v2\/comments?post=22"}],"version-history":[{"count":23,"href":"https:\/\/www.quadrafortis.it\/index.php\/wp-json\/wp\/v2\/pages\/22\/revisions"}],"predecessor-version":[{"id":293,"href":"https:\/\/www.quadrafortis.it\/index.php\/wp-json\/wp\/v2\/pages\/22\/revisions\/293"}],"wp:featuredmedia":[{"embeddable":true,"href":"https:\/\/www.quadrafortis.it\/index.php\/wp-json\/wp\/v2\/media\/156"}],"wp:attachment":[{"href":"https:\/\/www.quadrafortis.it\/index.php\/wp-json\/wp\/v2\/media?parent=22"}],"curies":[{"name":"wp","href":"https:\/\/api.w.org\/{rel}","templated":true}]}}